+ 102 = 2*n. Let y(w) = 2*w**3 - 3*w**2 - 3*w + 8. List the prime factors of y(n).
2, 19
Let i = -232 + 207. Let b = i + 442. What are the prime factors of b?
3, 139
Let a(s) = -3*s**3 + 4*s**2 - 3*s + 2. Let o be a(2). Let y be (813/o + -2)/((-2)/16). Suppose -7*z - 2*z + y = 0. List the prime factors of z.
2, 31
Suppose j + 245 = 48*j + 2*j. Suppose -l + 0*l = -36. Let o = l + j. What are the prime factors of o?
41
What are the prime factors of (2/(-9))/((-86)/1935) + 13*6226?
3, 26981
Let g(y) = -53*y - 4. Let k be g(-3). Suppose 0 = 7*j - 12*j - k. What are the prime factors of (j/(-5))/((-7)/(-35))?
31
Let u = 39 + 314. Suppose q + 5*c - u = 0, q - 5*c = -4*q + 1645. What are the prime factors of q?
3, 37
Suppose -248*f + 241*f + 24654 = 0. What are the prime factors of f?
2, 3, 587
Let a(n) = -4*n**2 + 54*n + 3. Let o be a(11). Suppose -5*d - 17*h + o = -13*h, 2*h = 2*d - 56. What are the prime factors of d?
5
Suppose -m - 10*q + 5*q = -4888, -2*q + 14651 = 3*m. Suppose 19*o - 4047 = m. List the prime factors of o.
2, 5, 47
Let c(i) = 1 + 9*i + 4*i - i**3 - 2*i - 8*i**2. Suppose -5*d = 5*m + 70, -d - 2*m = 12 + 6. List the prime factors of c(d).
7, 13
Suppose -r = -3*x - 10, 2*r + 2*r = 3*x + 58. Let k be 2/6 + r/6. Suppose -k*p = -23 + 11. List the prime factors of p.
2
What are the prime factors of 2154/8*(555 + -251)?
2, 3, 19, 359
Let m(t) = 81*t - 1. Let i be m(-2). Let q = -37 - i. Let y = -39 + q. List the prime factors of y.
3, 29
Let g(x) = 5*x - 7*x + x + 18. Let y be g(9). Suppose -2*c = -y*c + 875. What are the prime factors of c?
5
Suppose -11*c - 5*r = -12*c + 23404, 0 = 5*r - 35. List the prime factors of c.
3, 13, 601
Let w(r) = -5*r**2 + 544*r**3 + 10*r**2 - 4 - 167*r**3 + 3*r. List the prime factors of w(1).
3, 127
Suppose 8*a = -43664 + 205808. List the prime factors of a.
2, 3, 563
Suppose 0 = -123*y + 721830 + 4195464. What are the prime factors of y?
2, 3, 2221
Suppose 5*i = 4 + 31. Let l be -1 + 9/i + 12/(-42). What are the prime factors of 46 - -1*(l - 3)?
43
Let w = -212 - -215. Suppose -t - w*m + 951 = 0, -3*m + 1009 = 2*t - 896. What are the prime factors of t?
2, 3, 53
Suppose 0*l - 17472 = -14*l. Let s(x) = x**3 - 5*x**2 - 7*x + 9. Let u be s(6). Suppose -u*a + l = 9*a. What are the prime factors of a?
2, 13
What are the prime factors of 2114/906*168666/14?
28111
Let r be (7*-1)/(4 - (-78)/(-18)). Let c be (54/r)/(4/1036). Suppose 3*f + 1110 = 5*j, -c = -3*j - 9*f + 4*f. What are the prime factors of j?
2, 3, 37
Suppose 0 = -26*s + 103886 + 470174 - 119164. List the prime factors of s.
2, 3
Let b = 111 + -106. Suppose -b*j - 2*k - 461 = -10*j, -k + 361 = 4*j. What are the prime factors of j?
7, 13
Suppose 23*k - 544206 = -54*k + 571139. What are the prime factors of k?
5, 2897
Let n(t) = t**2 - 18*t + 14. Let q be n(18). Let v(l) = 10*l + 12. List the prime factors of v(q).
2, 19
Suppose -32*n = -24*n - 15400. Suppose -5*v + 12*p - 13*p + n = 0, -v - p = -385. List the prime factors of v.
5, 7, 11
Let a = 476 - 273. Let f = a + 610. What are the prime factors of f?
3, 271
Suppose 171514 = 3*i - 2*b, -21*i - b = -17*i - 228667. List the prime factors of i.
2, 3, 397
Let t be (252/(-35) - -7)/(2/(-30)). Suppose -924 = -19*s - t*s. List the prime factors of s.
2, 3, 7
Suppose 0 = -69*p + 65*p + 2*l + 107716, -5*p + l = -134645. What are the prime factors of p?
7, 3847
Suppose 4*d - 13*d + 324 = 0. Suppose 3*q + d = -2*l, 0 = q - 2*l + 10 + 2. Let i = q - -118. List the prime factors of i.
2, 53
Let g(m) = 40*m + 2. Let i = 49 - 44. What are the prime factors of g(i)?
2, 101
Suppose 4*y = -18 + 2. Let x be 0*y/(-8) + -10. Let b = x - -28. What are the prime factors of b?
2, 3
Suppose l - 3 - 11 = 0. Suppose -l*i + 18 = -38. What are the prime factors of i?
2
Suppose -5*p - 37 = -167. Suppose -4*q + p = r, -q = -3*r + 33 + 97. Suppose -2*v = -262 + r. List the prime factors of v.
2, 5, 11
Let c(s) = 4*s**2 - 9*s + 9. Let x be c(5). Suppose 0*w = 2*v - 2*w - x, 5*v - 169 = 2*w. List the prime factors of 5894/v + 3/5.
13
Suppose -25*x + 177308 - 3063 = -84830. What are the prime factors of x?
43, 241
Suppose -p + 21 = -2*s, 5*s - 16 = -5*p + 29. Suppose 2255 + 748 = p*m. What are the prime factors of m?
3, 7, 11
Suppose 4*p - 54 = 22*p. Let n = 390 + p. What are the prime factors of n?
3, 43
Let d(b) = -7*b - 19. Let c be (1/1 - 3) + -17. Let l = 14 + c. List the prime factors of d(l).
2
Let j(a) = 5*a**2 - 11*a + 21. Let c be j(2). Suppose 9*l = -c*l + 10920. What are the prime factors of l?
2, 3, 5, 13
Let m be 2/12 - 7/42. Suppose 3*g + m*z = 5*z + 981, -z = 3. What are the prime factors of g?
2, 7, 23
Let u(w) = -w**3 + 47*w**2 - 140*w - 175. List the prime factors of u(41).
43, 97
Suppose -3*n + 2*n + 1 = 0. Suppose q + 3*c - n + 4 = 0, -4*q = -2*c - 2. Suppose -5*y = x - 115, 2*x + 5*y = -q + 210. What are the prime factors of x?
5, 19
Suppose 10*r - 30 = 5*r + 3*l, -r - 2*l - 7 = 0. What are the prime factors of 15/r + 1*(-2379)/(-3)?
2, 3, 7, 19
Let n(r) = -58 + 17 + 3*r + 20. Let i be n(5). What are the prime factors of (-1000)/i + 4/12?
167
Suppose 0 = 5*a - 5*t - 42890, -25728 = -3*a + 163*t - 166*t. What are the prime factors of a?
3, 953
Let c = 19476 - 7172. List the prime factors of c.
2, 769
Suppose 6*x - 3 = 5*x. Suppose -330 = -x*f + 270. Suppose -2*z - f = -604. What are the prime factors of z?
2, 101
Let w = 252 - 565. Let b = w + 729. List the prime factors of b.
2, 13
Suppose -h + 39860 = 3*h + h. What are the prime factors of h?
2, 1993
Suppose 8*q + 105*q - 696984 = 0. List the prime factors of q.
2, 3, 257
Suppose -5*n = -2*n - r + 365, 0 = -4*r + 8. Let g = -28 - n. Suppose -41 - g = -2*b - x, 4*x - 341 = -5*b. What are the prime factors of b?
5, 13
Suppose l + 5*i = 16, 3*i - 6 = -2*l + 12. What are the prime factors of (8/l)/(1 + 23865/(-23895))?
2, 3, 59
Suppose 89*g = 19*g - 350. List the prime factors of 1448 - 1/(g/15).
1451
Let l = 81 + -75. What are the prime factors of (-4)/l*(-90 - 9/3)?
2, 31
Suppose -789*m + 770*m + 337763 = 0. List the prime factors of m.
29, 613
Suppose -2*q + q = -41. Let z be (-27)/243 - (-40)/36. Suppose -5*o - q = -i, 0*o = -o + z. What are the prime factors of i?
2, 23
Let v(l) = -l**3 - 31*l**2 + 32*l + 3. Let k be v(-32). Suppose -1119 = -4*b + k*x, -9*x = 3*b - 10*x - 838. List the prime factors of b.
3, 31
Let m = 438 + -374. Let a = 317 + m. List the prime factors of a.
3, 127
List the prime factors of (1140/8)/(310/76632).
2, 3, 19, 103
Suppose 18*d - 113707 = -24697. Suppose 15*t + d = 20515. What are the prime factors of t?
2, 3, 173
Suppose 2*z = 5*y - 228, 0*z + 4*z + 60 = y. What are the prime factors of (-7062)/y*20/(-6)?
5, 107
List the prime factors of 4/18 + ((-1046720)/(-72) - 4).
2, 13, 43
Suppose -288387 = 32*m - 1480029 - 275750. What are the prime factors of m?
2, 1433
What are the prime factors of -21029*(-16 - 90/(-6))?
17, 1237
Suppose -2*u = 2, -3*z - z = 5*u + 33. Let c be (1 - -1)*(-5 - z). List the prime factors of (5*c/20)/((-1)/(-60)).
2, 3, 5
Let y be ((-3)/6)/((-3)/(-180)). Let d be 17/4 - y/40. Suppose 2*t + 3*w - 71 = 0, -52 = -d*t + 4*t + 4*w. List the prime factors of t.
2, 5
Let i = -6707 + 8806. List the prime factors of i.
2099
Let j(a) be the first derivative of -a**3/3 - 13*a**2/2 - 38*a - 103. List the prime factors of j(-7).
2
Suppose 5*j - 1 = -3*i, -8*j + i = -3*j - 13. Suppose -z + 89 = -0*z + 4*b, 357 = 5*z - j*b. List the prime factors of z.
73
Let k = -31765 - -64009. What are the prime factors of k?
2, 3, 2687
Let g be 76/(-76) + (3221 - 1). Suppose 31*z - 2051 = g. List the prime factors of z.
2, 5, 17
Let g = -26 - 37. Let j = 150 - g. What are the prime factors of j?
3, 71
Let y(g) be the third derivative of g**5/30 - 17*g**3/6 + 15*g**2. Let w be y(-4). List the prime factors of (475/w)/(2*3/18).
5, 19
Suppose 25*i - 218605 = 192745. List the prime factors of i.
2, 19, 433
Let y = 86993 - 35879. List the prime factors of y.
2, 3, 7, 1217
Let t(f) = -5545*f + 5451*f - 35 - 77. List the prime factors of t(-17).
2, 743
Let d(u) = -u**3 + u**2 + 2*u + 2. Let s(j) = 12*j**2 + j + 3*j**2 - 17*j**2 + 3*j**2. Let v(f) = d(f) - 3*s(f). List the prime factors of v(-2).
2
Let o = -688 + 694. Suppose o*j - 159